s n(p)?
-12
Suppose -5*v - 3*i + 25 = -7, 0 = -5*i + 20. Let z be 32/(-20) + v/(-10). Let c(n) be the first derivative of n**4/4 + n**3 - 2*n**2 - 3*n - 2. Calculate c(z).
9
Let c(r) = -r**3 + 2*r**2 + r. Let w(t) = -t**3 - 8*t**2 - 8*t - 8. Let b be w(-7). Let g be c(b). Let n(m) = -m**3 + 2*m**2 - 2*m + 3. Give n(g).
-1
Let q(p) be the second derivative of -p**4/12 + p**3/3 + 3*p**2/2 - 3*p. Suppose -7*k + 2*k + 20 = 0. Determine q(k).
-5
Let c(j) = j**3 - 4*j**2 + 2*j + 4. Let b = 2 - -5. Let d = 14 - b. Suppose -4*y + 6*y - 4 = 0, 3*g = y + d. Calculate c(g).
1
Suppose 4*x + 10 = 6*x. Let n(j) = j. Let c be n(6). Let i = x - c. Let t(g) = 8*g + 1. Determine t(i).
-7
Let w(l) = -6*l**3 - 9*l**2 - 2*l + 5. Let a = 8 + -4. Let o(v) = -5*v**3 - 8*v**2 - 2*v + 4. Let d(u) = a*w(u) - 5*o(u). Give d(-2).
4
Let o(l) = -l + 16. Let j be o(11). Let m(f) = -f**2 + 6*f + 7. Give m(j).
12
Let r(a) = -a**3 + 4*a**2 + a + 1. Suppose j = -2*j + 15. Let q = 15 - 8. Suppose j*w - 24 = -2*n, 1 = -4*w + 5*n + q. Calculate r(w).
5
Let h(w) = -7*w**2 + w - 1. Let b = 21 - 20. Give h(b).
-7
Let q(f) = f**3 - 3*f**2 + 3*f - 2. Let t be (-28)/(-15) - 2/(-15). Determine q(t).
0
Let k = 8 - 13. Let l(m) = -m**2 + 2. Let a(g) = -g. Let u(p) = -3*a(p) - l(p). Determine u(k).
8
Let p(a) be the first derivative of -a**6/120 - a**5/60 - a**4/24 - a**3/3 - 1. Let d(k) be the third derivative of p(k). What is d(-2)?
-9
Suppose a - 20 = 5*b, 0 = 2*a - 3*a. Let d(g) be the second derivative of 2*g + 1/3*g**3 + 5/2*g**2 + 0. Give d(b).
-3
Let b(p) be the second derivative of -p**5/20 - 5*p**4/12 + p**3 + p**2/2 + 22*p. Determine b(-6).
1
Suppose -3*j = -j. Let a(s) = 2*s**2 - 2 - 3*s**2 + 3*s**2 - 3*s**2. Give a(j).
-2
Let z(w) = -585*w + 590*w - w**2 - 1 - 4. Calculate z(5).
-5
Let x = -22 + 18. Let f(y) be the third derivative of y**6/360 + y**5/60 - y**4/12 + y**3/6 - 2*y**2. Let d(i) be the first derivative of f(i). Determine d(x).
6
Let a(t) = 9*t - 1. Let q be a(1). Suppose -2*m + 2 = -2*h - 6, -4*m = 5*h + 29. Let i be (-38)/q + m/4. Let j(x) = x**3 + 6*x**2 + 7*x + 6. Give j(i).
-4
Let t(u) = -u**3. Let f(m) = -m**3 + 2*m**2 + 2*m + 1. Let d(l) = f(l) - 2*t(l). Give d(-1).
0
Let j(l) = 9*l + 66. Let h be j(-7). Let s(m) = m**3 - 4*m**2 + 5*m - 4. What is s(h)?
2
Let r(a) = 2*a**2 - 4*a + 1. Suppose 4*f = -5*l - f + 10, l + 2*f - 1 = 0. Determine r(l).
7
Suppose -20 = -4*h, 3*r + 0*h + 5*h - 40 = 0. Let c be ((-3)/5)/((-1)/r). Let b(n) = 3*n - 3. Let w(x) = -7*x + 5. Let u(t) = -5*b(t) - 2*w(t). Calculate u(c).
2
Let g(i) = 2*i**2 - 11*i + 9. Let v(c) = -c**2 + 5*c - 4. Let o(z) = -6*g(z) - 13*v(z). Let m be o(-2). Let l(q) = q**2 + q + 2. What is l(m)?
2
Let g be 3/9*15*1. Let r(s) be the third derivative of -s**4/24 + s**3/2 - 3*s**2. Determine r(g).
-2
Suppose -2*x + 0 + 8 = 0. Let r(u) = u - 5. Calculate r(x).
-1
Let i(c) = -c**2 + 6*c - 3. Let r be (4/10)/((-2)/(-10)). Calculate i(r).
5
Let q(j) = -j**2 + 7*j - 6. Let c be q(5). Let t be c/(-3)*(-6)/(-4). Let y(h) = 2*h**3 + 4*h**2 + 3*h. Determine y(t).
-6
Let f(h) = 2*h**2 + 2*h - 1. Let o be f(1). Let y(x) = 8*x**2 + 2 - 3 - 8*x - 4 - x**o. Calculate y(7).
-12
Let j(p) = -10 - 3 + 14 - 4*p. Calculate j(-2).
9
Let g(c) = -3*c**2 + 4*c - 4. Let q be 4/6*(-1 - 2). Let x(t) be the third derivative of -t**5/60 - t**3/6 - 6*t**2. Let k(n) = q*x(n) + g(n). Give k(4).
-2
Let c(k) = -4*k + 4*k + 6*k - 1 - 2*k. Calculate c(-4).
-17
Let w(z) be the third derivative of 0*z + 0 + 1/8*z**4 + z**2 + 1/30*z**5 + 0*z**3. Let h = 7 - 10. What is w(h)?
9
Suppose -7 + 3 = -2*a. Let s(r) = 5*r - r + a - r**2 + 1 - 4. Determine s(3).
2
Let p = 21 - 13. Suppose l = -3*x - p, 3 = 2*l + 1. Let o(u) = u**2 + 3*u + 4. Determine o(x).
4
Let u(x) be the first derivative of 1/20*x**5 + 3/2*x**2 + 3*x - 1/6*x**4 + 2 - 1/3*x**3. Let q(f) be the first derivative of u(f). Calculate q(3).
6
Let n(x) = x**3 + x - 5. Let b be 93/(-9) + (-4)/6. Let k = b - -11. Calculate n(k).
-5
Let h(v) be the third derivative of -v**5/60 - v**4/4 - 7*v**3/6 - 7*v**2. Determine h(-6).
-7
Let s be 1 + 1*(0 - -2). Let l(f) = -3*f + 0*f - s - f. Calculate l(-2).
5
Let u = 4 + -7. Let j(z) be the third derivative of z**4/12 + z**3/6 + 2*z**2. Calculate j(u).
-5
Let x = 2 - 3. Let q(d) = d**2 + 5*d - 5. Let n be q(-6). Let m(o) = -o**2 - o - 3*o**3 + 0*o**3 - n + 2*o**3 + 0*o**2. Give m(x).
0
Let p be 1/(20/12)*5. Let h(a) = 9 - a - 4 - p. Determine h(-2).
4
Let s(a) be the second derivative of -a**6/720 - a**4/4 + 6*a. Let w(m) be the third derivative of s(m). Let p(x) = -x**2 + 2*x + 2. Let c be p(2). Give w(c).
-2
Let v(l) = -15*l + 18. Let y(j) = -7*j + 9. Let i(b) = -6*v(b) + 13*y(b). Suppose -2*a + 8 = -0*a. What is i(a)?
5
Let l(h) = 4*h - 4*h + 4 + 3*h - h**2. Let u be -3 + (-3 - -14 - 4). What is l(u)?
0
Let p(b) be the second derivative of -3*b**3/2 - b**2/2 - 4*b. Suppose 4*a - 5*y = 21, -4*a - 24 = -0*y + 4*y. Calculate p(a).
8
Let v(m) = -m + 6. Suppose -5*g + 15 = -3*s + 5, -4*s - 4*g = -40. Suppose 9*p = s*p. Calculate v(p).
6
Let h(p) be the second derivative of p**3/6 - 7*p**2/2 - 5*p. Determine h(6).
-1
Let h(g) = 5*g**3 + 9*g**2 + g + 4. Let v(f) = 6*f**3 + 10*f**2 + f + 4. Let y(s) = -7*h(s) + 6*v(s). Let w = 7 - 3. Calculate y(w).
8
Let o(g) = 3*g - 6. Let d(w) = -6*w - 1. Suppose -3 = -3*l, 0 = -5*v - 5*l - 0*l. Let x = 0 + v. Let b be d(x). Give o(b).
9
Let a(l) be the first derivative of -2/3*l**3 + 4 - l**2 + 1/4*l**4 - 4*l. What is a(3)?
-1
Let o(s) = -4*s + 2 + 2 + s**2 + s. Let h(a) = a**2 - 8*a - 30. Let n be h(11). Give o(n).
4
Let n(g) be the second derivative of -g**5/10 + g**4/12 + g**3/3 + g**2/2 - 3*g. Let y(r) = -r**3 - 2*r**2 + 4*r + 2. Let m be y(-3). Calculate n(m).
2
Let c(j) = -j**3 - 2*j**2 - 2*j - 3. Let h be c(-2). Let x(s) = -5 + 3*s**3 + 4 + s - 10*s**3 + s**2. Determine x(h).
-6
Let l(u) be the third derivative of -u**4/24 + u**3/2 - u**2. Suppose 5*y = 8*y - 6. Suppose -y*i - 24 = 4*b, -7*b - 8 = -2*b - 3*i. Give l(b).
7
Let n be -1 - 4*(-1 - 0). Let s(z) = 3*z**2 + z**3 + 4*z**3 - 2*z**3 - 2*z**n. Give s(-3).
0
Let v(m) = -m**3 + 5*m**2 - 3*m. Let y(x) = -x**3 - 3*x**2 - x - 1. Let o be y(-3). Calculate v(o).
6
Let z = -107/4 + 643/24. Let b(q) be the third derivative of 1/3*q**3 + 0*q + 0 - q**2 - z*q**4. Give b(1).
1
Let b(c) = 4*c + 9. Let s(r) = r + 2. Let v(o) = -2*b(o) + 9*s(o). Give v(6).
6
Let v(d) be the second derivative of -d**5/20 + d**4/2 - d**3/3 + d**2 + 47*d. Let f = -1 - -7. Determine v(f).
-10
Suppose 3*s = 4*j + 10, -3*j - 3 - 3 = -2*s. Let h(z) = z - 4 + s + 5*z**2 + 4 + z**3. What is h(-5)?
1
Let m(h) = -11*h + 9. Let u(b) = -16*b + 13. Let x(g) = -7*m(g) + 5*u(g). Calculate x(-3).
11
Let t(m) = -m**3 - 3*m**2 + 5*m + 1. Let u be (-1)/(4 + 45/(-12)). Determine t(u).
-3
Let h(k) = k**2 + 10*k + 11. Let c be h(-8). Let u = c - -7. Let t(n) be the third derivative of -n**5/60 + n**4/12 - n**3/3 - n**2. What is t(u)?
-2
Let t(o) = 1. Let k be (-2 - -6)/8*-2. Let a(i) = -5 - 1 - 3*i + 1. Let n(j) = k*a(j) - 2*t(j). Calculate n(-4).
-9
Let s(z) = z - 1. Suppose 0 = -8*p + 3*p + 20. Let i = p + -9. Give s(i).
-6
Let g(k) = 43 - k - 44 + 0*k. Calculate g(-6).
5
Let k(w) be the third derivative of -w**4/12 + w**3/6 - 3*w**2. Determine k(-3).
7
Let t(g) = 2*g**3 - 2*g**2 - g - 1. Let l(u) = -u. Let n(y) be the third derivative of -y**3/6 + 3*y**2. Let a(x) = -l(x) + 5*n(x). Let r be a(7). Give t(r).
5
Let z(q) = -q - 7. Let v(l) = -l - 7. Let f(p) = -2*v(p) + 3*z(p). What is f(0)?
-7
Suppose 4 = -4*m - 5*q, 4 = -4*m + 5*q - 0. Let c = m - -7. Let v be 4/6 - (-14)/c. Let d(f) = -f**3 + 3*f**2 + 2*f. Give d(v).
6
Let m(l) = -l**2 + 2*l + 4. Suppose f + 8 = 3*f. Calculate m(f).
-4
Let f(g) be the second derivative of -g**5/20 - g**4/12 + g**3/6 + 8*g. Let m(n) = -7*n**3 - n**2 + 13*n. Let x(h) = -6*f(h) + m(h). Determine x(6).
6
Let g(d) = 1 - 6*d + 1 - 3 + 2. Let x be g(1). Let z(o) = -o**2 + o + 5. Let a(h) = -h**2 + 4. Let q(i) = -6*a(i) + 5*z(i). What is q(x)?
1
Let l be (3 - (-14)/(-4))*-12. Let b(y) = -y + 13. Give b(l).
7
Let f(u) = -u**3 + 8*u**2 - 8*u + 7. Let l be f(7). Let h(j) = -5*j + 3*j + l*j - 7. Calculate h(-6).
5
Suppose 2*s + 2*b = 3 + 5, 5*s = 5*b. Let f(c) = 1 + s - 3 - c. Let t be 0/(-